ctor of 50261988?
True
Does 184 divide 210062501?
False
Is 63146518 a multiple of 19?
False
Is 24 a factor of 4046921?
False
Is 1195650853 a multiple of 113?
True
Is 39039252 a multiple of 12?
True
Is 37 a factor of 14424723?
False
Is 56475728 a multiple of 388?
True
Is 12470000 a multiple of 58?
True
Is 620 a factor of 655663020?
True
Is 6 a factor of 47359734?
True
Is 265506116 a multiple of 2?
True
Does 98 divide 445225343?
False
Is 19380880 a multiple of 40?
True
Is 83 a factor of 17427461?
False
Is 28331147 a multiple of 437?
True
Is 1024 a factor of 186657792?
True
Is 10 a factor of 43391290?
True
Does 336 divide 6370066?
False
Is 193 a factor of 51417441?
False
Is 5 a factor of 31713925?
True
Does 2363 divide 133523678?
True
Is 478 a factor of 307084193?
False
Is 301370014 a multiple of 11?
True
Is 500572040 a multiple of 20?
True
Does 7 divide 10984379?
True
Is 204 a factor of 34602684?
True
Is 7986546 a multiple of 86?
False
Does 1037 divide 71063536?
True
Does 307 divide 49646915?
False
Does 654 divide 11758284?
False
Is 207 a factor of 2746982736?
True
Is 39822442 a multiple of 94?
True
Is 2732 a factor of 1870933704?
True
Is 116 a factor of 19145646?
False
Does 258 divide 532269638?
False
Is 15 a factor of 3446896?
False
Does 486 divide 38015285?
False
Is 1639151 a multiple of 16?
False
Does 420 divide 433222597?
False
Does 55 divide 3233007855?
True
Is 758661612 a multiple of 822?
True
Does 167 divide 55062739?
True
Does 1779 divide 1743511977?
False
Is 76 a factor of 3503980?
True
Is 24538338 a multiple of 22?
True
Is 368938051 a multiple of 6583?
False
Does 381 divide 85112733?
True
Is 43295742 a multiple of 9?
True
Does 13 divide 736324611?
False
Does 14 divide 248805676?
True
Does 1085 divide 707026962?
False
Is 51353570 a multiple of 10?
True
Is 2425865 a multiple of 242?
False
Is 23 a factor of 13610618?
True
Is 1454 a factor of 81936479?
False
Is 1528336278 a multiple of 2142?
True
Does 15 divide 3763909761?
False
Does 16 divide 4476619824?
True
Is 9 a factor of 18707031?
True
Does 18 divide 513771554?
False
Is 14 a factor of 7987000?
True
Is 89939806 a multiple of 38?
True
Is 245944618 a multiple of 10?
False
Is 3188679516 a multiple of 11038?
True
Is 101463631 a multiple of 6?
False
Is 624500390 a multiple of 1880?
False
Is 3800653 a multiple of 1579?
True
Is 1844519404 a multiple of 4?
True
Does 91 divide 1458404?
False
Is 36 a factor of 146205936?
True
Does 52 divide 1372798208?
False
Does 67 divide 8653356?
False
Is 28579584 a multiple of 528?
True
Is 68049632 a multiple of 196?
True
Is 3978542373 a multiple of 5421?
True
Does 162 divide 95532534?
True
Is 79122879 a multiple of 56?
False
Is 1887 a factor of 71730996?
False
Is 1764123 a multiple of 23?
True
Is 7 a factor of 6474178?
False
Does 2562 divide 22548186?
False
Does 270 divide 473580?
True
Is 3292432503 a multiple of 293?
True
Is 728 a factor of 339701544?
True
Is 702 a factor of 35626500?
True
Is 442878436 a multiple of 572?
True
Is 6 a factor of 231749652?
True
Is 557 a factor of 58759642?
False
Does 491 divide 523720240?
True
Is 174997539 a multiple of 92?
False
Does 6 divide 147774525?
False
Does 16 divide 308895376?
True
Does 15 divide 1034795272?
False
Is 13694533 a multiple of 286?
False
Is 84 a factor of 292226260?
False
Is 13247319 a multiple of 40?
False
Is 6641 a factor of 3092441419?
True
Is 3504685224 a multiple of 15?
False
Is 151744851 a multiple of 93?
False
Is 363317362 a multiple of 1321?
False
Is 49 a factor of 883788808?
False
Is 35682380 a multiple of 202?
False
Is 1065951896 a multiple of 7015?
False
Does 231 divide 15808592?
False
Does 96 divide 1762656?
True
Is 143 a factor of 80448604?
False
Is 41306892 a multiple of 173?
False
Is 54 a factor of 146046863?
False
Does 682 divide 27861617?
False
Is 10 a factor of 25946910?
True
Does 2819 divide 182280992?
False
Does 9 divide 8549631?
True
Is 30 a factor of 460273410?
True
Is 3 a factor of 263400477?
True
Is 13 a factor of 296476914?
False
Is 59126454 a multiple of 4458?
True
Is 94250688 a multiple of 2583?
False
Does 754 divide 1727356696?
True
Is 622 a factor of 87802764?
True
Is 111009228 a multiple of 11?
True
Is 15949408 a multiple of 17?
False
Does 21 divide 3158224367?
False
Is 41 a factor of 140180438?
False
Is 394 a factor of 4324209832?
False
Is 30 a factor of 518044170?
True
Is 93173428 a multiple of 10?
False
Is 344508953 a multiple of 92?
False
Does 6 divide 3400404?
True
Is 4 a factor of 375094128?
True
Does 21 divide 808311481?
False
Is 10759989 a multiple of 548?
False
Does 20 divide 7488100?
True
Is 63 a factor of 649592748?
True
Is 1167875010 a multiple of 4989?
True
Is 4 a factor of 13451323?
False
Is 2523 a factor of 108927650?
False
Does 131 divide 23699079?
True
Is 12247983 a multiple of 19?
False
Is 411 a factor of 47779787?
False
Does 3 divide 1355968?
False
Is 379667996 a multiple of 10?
False
Does 629 divide 521707067?
True
Is 57983744 a multiple of 1792?
True
Is 4695 a factor of 1724846482?
False
Is 1324 a factor of 557933357?
False
Is 78093110 a multiple of 2581?
False
Is 2 a factor of 472941990?
True
Does 45 divide 12618045?
True
Is 3323237742 a multiple of 423?
True
Is 24 a factor of 423420312?
True
Is 2732 a factor of 60546584?
True
Does 370 divide 7096059?
False
Is 41 a factor of 164547432?
True
Does 23 divide 6537212833?
False
Does 36 divide 645915776?
False
Does 55 divide 511940?
True
Is 210 a factor of 446676510?
True
Does 33 divide 72436155?
True
Is 165 a factor of 110351593?
False
Is 1770 a factor of 1325366651?
False
Is 1807 a factor of 66993601?
False
Is 188957153 a multiple of 58?
False
Does 4 divide 12031080?
True
Is 299 a factor of 84104033?
False
Is 66 a factor of 63517212?
True
Does 515 divide 85068215?
True
Is 103 a factor of 14569604?
False
Does 72 divide 57575960?
False
Is 55 a factor of 4000140872?
False
Does 83 divide 116819413?
False
Is 5 a factor of 65016688?
False
Does 26 divide 174175698?
False
Is 128102644 a multiple of 3387?
False
Does 1786 divide 3549950044?
True
Does 3223 divide 247137111?
False
Is 192657055 a multiple of 785?
True
Is 28685197 a multiple of 34?
False
Is 174642790 even?
True
Is 125 a factor of 8702625?
True
Is 30636690 a multiple of 10?
True
Is 1432198624 a multiple of 10?
False
Does 11 divide 5005836?
True
Is 7346611 a multiple of 131?
True
Does 12 divide 124451148?
True
Is 69 a factor of 1622636223?
True
Is 7 a factor of 50277164?
True
Is 1538875230 a multiple of 1014?
False
Is 3159 a factor of 334474920?
True
Is 156217468 a multiple of 299?
False
Is 337 a factor of 104748741?
False
Is 208 a factor of 29558880?
True
Is 556838160 a multiple of 2220?
True
Is 453 a factor of 19907085?
True
Is 123 a factor of 1616141205?
False
Is 2873 a factor of 1604547516?
True
Is 76 a factor of 155078456?
True
Does 14 divide 56844326?
True
Is 137776332 a multiple of 1880?
False
Is 23 a factor of 24234471?
False
Is 62059555 a multiple of 902?
False
Is 76516246 a multiple of 8?
False
Does 15 divide 3086170949?
False
Is 7 a factor of 127336970?
False
Is 36 a factor of 73428084?
True
Is 175 a factor of 13763013?
False
Is 573627712 a multiple of 1568?
True
Is 61 a factor of 4886079002?
False
Is 224 a factor of 301371343?
False
Does 6 divide 46308348?
True
Is 126 a factor of 544761841?
False
Does 9 divide 79870028?
False
Is 76941868 a multiple of 30?
False
Is 1800 a factor of 252536400?
True
Is 2585 a factor of 49530470?
False
Is 721609296 a multiple of 1378?
False
Is 143 a factor of 243723218?
False
Is 3317 a factor of 2197525768?
True
Is 823211 a multiple of 373?
True
Does 14 divide 70281287?
False
Is 31 a factor of 3501154756?
True
Does 11 divide 87122959?
True
Is 1104 a factor of 9415703?
False
Is 1309 a factor of 629710158?
True
Is 9 a factor of 29748717?
True
Does 24 divide 4179008444?
False
Is 8372464 a multiple of 152?
True
Is 11242714 a multiple of 101?
True
Is 64538399 a multiple of 16?
False
Does 2414 divide 2602685289?
False
Is 73021021 a multiple of 1173?
False
Is 91704246 a multiple of 422?
False
Is 142110689 a multiple of 7?
True
Does 2026 divide 101686966?
True
Is 31717417 a multiple of 137?
False
Is 419 a factor of 138639761?
False
Is 7703696 a multiple of 74?
True
Is 341734425 a multiple of 7361?
True
Does 34 divide